
Let j(n) = 2*n**3 + 12*n**2 + n - 19. Determine j(-7).
-124
Let x(q) = -2*q**3 + 103*q**2 - 51*q - 6. Give x(51).
-6
Let n(j) = -4*j**2 + 3*j - 6. Calculate n(1).
-7
Let l(t) = -t**3 - 68*t**2 - 59*t + 525. Calculate l(-67).
-11
Let y(u) = 2*u**3 - 29*u**2 - 14*u + 8. Determine y(15).
23
Let r(f) = 3*f**3 - f**2 - 6*f + 14. Give r(3).
68
Let j(q) = 21*q**2 + 108*q + 13. Calculate j(-5).
-2
Let j(l) = 3*l**3 + 23*l**2 - 8*l - 34. Calculate j(-8).
-34
Let f(a) = -3*a**2 - 107*a. What is f(-36)?
-36
Let o(b) = 188*b**2 + 537*b. Determine o(-3).
81
Let p(f) = f**3 - 7*f**2 - f + 4. What is p(7)?
-3
Let f(t) = -30*t + 299. What is f(5)?
149
Let l(x) = -x**3 - 14*x**2 + 36*x + 38. Give l(-16).
-26
Let j(w) = -w**3 + 3*w**2 - 550*w + 6. Determine j(0).
6
Let s(q) = q**2 + 12*q - 494. What is s(20)?
146
Let j(y) = 181*y**2 - 7*y - 4. What is j(-1)?
184
Let r(c) = 188*c - 1627. Calculate r(3).
-1063
Let s(q) = -2*q**2 + 131*q - 1413. Give s(52).
-9
Let n(r) = r**3 - 93*r**2 - 1621*r + 107. What is n(108)?
-1
Let u(l) = -2*l**2 + 23*l - 79. Determine u(8).
-23
Let z(m) = m**2 - 341*m + 25658. Calculate z(112).
10
Let t(d) = d**2 + 27*d - 42. Determine t(-32).
118
Let l(z) = -30*z + 61. What is l(5)?
-89
Let x(u) = u**3 - 24*u**2 + 10*u - 237. What is x(24)?
3
Let b(l) = -2*l**2 + 78*l + 537. Determine b(-6).
-3
Let f(u) = -u**3 - 74*u**2 - 634*u + 147. Give f(-64).
-237
Let o(i) = i**3 - 50*i**2 + 185*i + 133. Give o(46).
179
Let k(j) = 10*j**2 - 406*j + 1229. Determine k(3).
101
Let j(k) = 171*k + 192. What is j(-1)?
21
Let y(c) = -556*c + 2. What is y(0)?
2
Let u(v) = 23*v**2 - 5*v - 35. What is u(-2)?
67
Let g(i) = -27*i**2 - 138*i - 497. Give g(-4).
-377
Let t(p) = -8*p**2 - 80*p - 158. Determine t(-2).
-30
Let c(d) = -4*d**2 + 54*d - 105. What is c(11)?
5
Let z(p) = p**3 + 25*p**2 - p + 29. Determine z(-25).
54
Let y(l) = 216*l + 2. What is y(-1)?
-214
Let q(n) = 2*n**3 - 89*n**2 + 39*n + 212. What is q(44)?
-8
Let m(w) = 899*w + 17082. What is m(-19)?
1
Let z(b) = b**3 - 91*b**2 - 1020*b + 1035. What is z(101)?
25
Let x(w) = -w**2 - 20*w - 25. Calculate x(-18).
11
Let t(i) = -128*i + 24. What is t(1)?
-104
Let z(q) = 3*q**3 + 16*q**2 - 4*q + 4. Calculate z(-5).
49
Let f(h) = h**3 + 70*h**2 - 1180*h - 331. Determine f(-84).
5
Let j(a) = 9*a**2 - 1407*a - 8271. What is j(162)?
-9
Let c(p) = -p**3 + 11*p**2 + 2*p + 83. Determine c(12).
-37
Let v(m) = 120*m - 873. Determine v(14).
807
Let g(y) = 3*y**3 - 4*y**2 - 12*y + 24. Determine g(2).
8
Let j(y) = -321*y + 10911. What is j(34)?
-3
Let c(p) = -26*p + 186. What is c(6)?
30
Let t(s) = 190*s - 974. Give t(5).
-24
Let c(r) = r**2 + 177*r - 86. Calculate c(0).
-86
Let j(u) = -374*u + 1858. Give j(5).
-12
Let l(n) = -415*n + 20330. Give l(49).
-5
Let u(w) = w**3 + 47*w**2 + 227*w - 70. Give u(-41).
709
Let v(a) = -44*a - 2645. Determine v(-43).
-753
Let t(a) = -415*a + 103758. Calculate t(250).
8
Let u(y) = -4322*y - 21573. Determine u(-5).
37
Let u(n) = 2*n**2 + 76*n - 7. What is u(-38)?
-7
Let l(s) = 59*s**2 - 1235*s - 85. Calculate l(21).
-1
Let a(m) = -2*m**2 + 215*m - 1031. Give a(5).
-6
Let a(i) = -4*i**2 + 251*i + 50. Determine a(63).
-13
Let x(d) = -158*d - 1256. What is x(-8)?
8
Let g(c) = 6*c**2 - c + 1. Determine g(-6).
223
Let l(v) = 3*v**2 + 190*v - 122. Determine l(-63).
-185
Let u(k) = 3*k**2 - 123*k - 182. Calculate u(42).
-56
Let x(v) = 73*v**2 - 511*v + 6. Calculate x(7).
6
Let r(k) = -29*k - 286. Determine r(0).
-286
Let p(a) = 3*a**2 - 136*a + 1505. Give p(26).
-3
Let j(o) = o**2 + 32*o - 69. Calculate j(-28).
-181
Let f(c) = 93*c - 320. Give f(4).
52
Let u(c) = -16*c**2 + 263*c + 23. Determine u(17).
-130
Let a(t) = 44*t + 199. What is a(-1)?
155
Let b(x) = -5*x**3 + 9*x**2 - 13*x - 48. Determine b(-3).
207
Let r(c) = c**2 + c - 2. Calculate r(10).
108
Let r(x) = -x**3 + 15*x**2 - 3*x + 2. Determine r(0).
2
Let w(o) = -23*o - 49. What is w(-9)?
158
Let q(x) = -2*x**2 - 68*x - 285. What is q(-4)?
-45
Let a(x) = 3*x**2 - 20*x + 100. What is a(5)?
75
Let g(w) = 3*w**2 + 13*w - 50. Calculate g(-4).
-54
Let d(j) = 1328*j - 26559. Calculate d(20).
1
Let i(m) = -16*m + 10. Give i(-3).
58
Let p(t) = 297*t + 1995. Determine p(-8).
-381
Let z(d) = -68*d - 3334. What is z(-48)?
-70
Let c(g) = -g**3 + 8*g**2 + 73*g - 9. Determine c(-6).
57
Let o(t) = -191*t - 1463. Give o(-6).
-317
Let s(o) = -6*o**2 - 25*o - 34. Determine s(9).
-745
Let b(h) = 862*h + 5184. Determine b(-6).
12
Let o(t) = 2*t**3 + 60*t**2 + 50*t - 223. Determine o(-29).
9
Let c(u) = 7*u**3 + 36*u**2 + 37*u + 162. Determine c(-5).
2
Let u(a) = -a**3 + 6*a**2 + 30*a + 35. Calculate u(-2).
7
Let c(i) = -i**2 + 10*i + 44. What is c(-6)?
-52
Let s(p) = p**3 + 9*p**2 + 17*p - 1. Calculate s(-11).
-430
Let g(q) = -4*q + 24. Determine g(-1).
28
Let o(w) = 687*w - 4082. Determine o(6).
40
Let x(d) = -d**3 - 100*d**2 + 92*d - 857. Determine x(-101).
52
Let b(r) = r**3 + 28*r**2 + 108*r - 69. What is b(-23)?
92
Let u(p) = -5*p**3 - 21*p**2 - 6*p - 7. Calculate u(-4).
1
Let v(y) = -93*y + 7. Calculate v(-2).
193
Let f(q) = 131*q + 3169. What is f(-24)?
25
Let o(n) = -9*n**3 + 5*n**2 - 4*n - 2. Give o(2).
-62
Let p(q) = -77*q + 208. Determine p(3).
-23
Let p(i) = -i**2 - 27*i - 163. Calculate p(-14).
19
Let r(l) = -l**2 - 38*l + 455. Determine r(-48).
-25
Let i(d) = d**3 + 17*d**2 + 39*d + 106. Determine i(-12).
358
Let q(n) = 5*n**2 + 72*n + 128. Calculate q(-13).
37
Let i(r) = -2*r**2 - 265*r - 7067. Calculate i(-37).
0
Let c(q) = q**3 - 89*q**2 - 276*q + 29. What is c(92)?
29
Let x(o) = -48*o**2 + 80*o - 80. Determine x(1).
-48
Let q(y) = -2900*y - 20296. Determine q(-7).
4
Let o(w) = -w**3 + 93*w**2 - 1952*w - 84. Determine o(61).
-84
Let f(d) = -2*d**3 + 15*d**2 + 11*d - 37. Determine f(8).
-13
Let t(v) = 9*v - 77. Calculate t(12).
31
Let s(p) = -105*p + 470. Give s(5).
-55
Let t(a) = a**3 + 8*a**2 - 91*a - 626. Calculate t(-6).
-8
Let l(p) = -129*p + 2219. What is l(17)?
26
Let h(b) = b**3 - 32*b**2 + 377*b - 10726. Determine h(31).
0
Let h(i) = -7*i**2 - 20*i + 10. What is h(-5)?
-65
Let w(a) = 2*a**2 + 17*a - 50. Give w(9).
265
Let z(w) = -2*w**2 - 109*w + 479. Determine z(-59).
-52
Let y(h) = 1357*h + 5505. Determine y(-4).
77
Let j(c) = -4*c**3 + 6*c**2 + 17*c - 39. Calculate j(2).
-13
Let t(v) = v**2 + 349*v + 2060. Calculate t(-6).
2
Let n(w) = -2304*w - 9225. What is n(-4)?
-9
Let g(k) = k**3 - 19*k**2 + 68*k - 32. What is g(14)?
-60
Let i(f) = -f**2 + 27*f - 209. Calculate i(13).
-27
Let i(l) = l**3 - 2*l**2 - 31*l - 4. Give i(-4).
24
Let q(g) = -28*g + 818. Determine q(28).
34
Let k(a) = -848*a + 2536. Determine k(3).
-8
Let f(x) = 994*x - 17866. What is f(18)?
26
Let d(i) = -20*i + 49. Determine d(-3).
109
Let c(g) = 14*g**2 + 16*g - 294. What is c(4)?
-6
Let f(w) = 4*w**2 - 759*w + 2847. Calculate f(186).
57
Let i(p) = -2*p**3 + 2*p**2 + 8*p - 18. What is i(2)?
-10
Let a(b) = -149*b - 6673. Determine a(-45).
32
Let s(m) = -100*m + 217. What is s(2)?
17
Let b(d) = -1403*d - 9702. Determine b(-7).
119
Let l(x) = 499*x + 1425. Give l(-3).
-72
Let r(m) = m**2 + 33*m - 100. Determine r(12).
440
Let l(g) = g**3 - g**2 + 41*g - 222. Give l(4).
-10
Let t(k) = k**2 - 9*k - 56. Determine t(-5).
14
Let t(i) = -39*i + 235. What is t(11)?
-194
Let l(q) = q**2 - 84*q + 1476. Give l(25).
1
Let t(j) = -j**2 + 65*j + 269. Give t(69).
-7
Let i(u) = 2*u**2 - 488*u + 25717. Determine i(77).
-1
Let u(h) = -416*h - 69881. Determine u(-168).
7
Let h(f) = -846*f - 5169. What is h(-6)?
-93
Let y(m) = -m**2 + 206*m - 6122. What is y(36)?
-2
Let y(i) = 386*i + 1158. What is y(-3)?
0
Let b(h) = -7*h**3 + 579*h**2 + 162*h + 436. Calculate b(83).
104
Let k(x) = 3*x**2 + 113*x + 466. Determine k(-4).
62
Let j(p) = -26*p**3 + 50*p**2 + 3*p - 5. Determine j(2).
-7
Let o(q) = q**3 - 22*q**2 - 90*q + 382. What is o(25)?
7
Let b(i) = -i**2 + 8*i + 66. What is b(0)?
66
Let g(m) = 8*m**2 - 526*m + 407. Calculate g(65).
17
Let i(d) = 3*d**3 + 110*d**2 - 40*d - 111. What is i(-37)?
0
Let z(j) = 4*j**2 + 56*j + 320. Determine z(-9).
140
Let d(x) = -43*x - 286. Determine d(-7).
15
Let g(j) = -j**3 + 10*j**2 + 7*j - 1. What is g(4)?
123
Let s(f) = 79*f - 121. Calculate s(1).
-42
Let h(q) = -q**2 + 17*q - 43. What is h(5)?
17
Let b(v) = -2*v**3 + 18*v**2 - 26*v